 12 = -3*y, -3*d - 5*y = -0*d + s. Let m(h) = 1 - 2 - 3 + d*h + 3. Determine m(1).
1
Let g(k) be the first derivative of -k**2/2 + 9*k - 3. Let y = -59 - -68. Let l be -2 - 60/(-9) - (-3)/y. Give g(l).
4
Let i(p) be the second derivative of -p**4/12 - 8*p**3/3 - 49*p**2/2 + 2*p - 4356. Calculate i(-5).
6
Let p(c) = -3*c**2 + 6*c + 2. Let b(f) = -2*f**2 + 94*f - 415. Let d be b(42). Determine p(d).
-43
Let c(i) be the third derivative of 0*i + i**3 - 6*i**2 - 11 + 1/24*i**4. Suppose 0 = 5*m - 3*m + 8. What is c(m)?
2
Let h(m) = -m**2 + 35 + 8*m - 77 + 0*m + 7 + 7. What is h(5)?
-13
Suppose 20*y = 101 - 1. Let t be (-2)/(-2)*(0 + 203). Let q(a) = 205 - 2*a**2 - 4*a + 3*a**2 - t. Give q(y).
7
Let x(r) be the second derivative of 0 - 1/20*r**5 + 19/2*r**2 + 29*r + 0*r**4 + 1/6*r**3. Determine x(0).
19
Let z(x) = x - 10 + 5 + 3 + x. Let a = -1044 - -1035. Calculate z(a).
-20
Let s(y) = -11*y + 14. Let w(x) = -39*x + 44. Let q(k) = -7*s(k) + 2*w(k). Let v(i) = i**3 + 12*i**2 + 11*i - 5. Let m be v(-11). Determine q(m).
-5
Let o be -15 - -13 - (-34 - (-2 + 1)). Suppose 4*g = -3*a + 25, -2*g - 8 = 3*a - o. Let r(u) = -u**3 + 8*u**2 - 11*u + 17. Calculate r(a).
-11
Let r(i) = -3*i**2 - 37*i - 4. Let h be r(-12). Let w(f) = 6*f - f**2 - h + 0 + 1 + 9. Calculate w(6).
2
Suppose 0 = 3*u + 18 - 0. Let m(x) = x**2 - 2*x + 11. Let f be m(0). Let s(i) = 9*i**2 - i**3 - f*i**2 - 4*i**2 - 1. What is s(u)?
-1
Let q = -96 + 102. Let l(h) be the second derivative of h**4/12 - 7*h**3/6 - 5*h**2 - 96*h. Give l(q).
-16
Let n(u) be the third derivative of -5*u**4/8 - u**3/6 - 73*u**2 + 2*u. Suppose h - 2*s - 8 = 0, 29 - 19 = -h - 4*s. Give n(h).
-31
Let z be (-2)/6 + 102/(-153). Let h be (-1 + 0)*z/(11/110). Let w(m) = -3*m + 15. Give w(h).
-15
Let x = -8128 - -8125. Let b(o) = 3*o**2 + 9*o + 2. Calculate b(x).
2
Let d(c) = c**3 + 11*c**2 + 9*c - 5. Suppose 46*v + 7*v = 2*v - 510. Give d(v).
5
Let t(m) = -12 - 16 + 23 + 241*m - 242*m. Determine t(21).
-26
Let b(t) be the second derivative of -t**5/20 + 7*t**4/4 - 19*t**3/2 + 71*t**2/2 + 4710*t. Calculate b(18).
17
Let a(v) be the third derivative of -v**5/60 + v**4/24 + v**3/3 - v**2. Let t(i) = 7*i - 81*i**2 - 75*i**2 + 18 + 6*i + 4 + 154*i**2. Let o be t(8). Give a(o).
-4
Let q(o) = -2*o - 4. Suppose -5*u + 55 = k, 5*u - 6 = 2*k + 34. Let c = -36 + 40. Suppose c*l - 10 = u. Determine q(l).
-14
Let l(y) be the third derivative of -y**6/120 + y**5/15 - y**4/12 - y**3/3 - 61*y**2 - 4. Calculate l(5).
-37
Let x(s) be the second derivative of 2*s**3 - 11*s**2/2 + 7598*s. What is x(-4)?
-59
Let l(w) = 31*w**2 + 4*w + 1. Let v(k) = -2*k**2 - 301*k - 1173. Let u be v(-4). Determine l(u).
28
Let o(k) = k - 3 + 22*k**3 - 5*k**3 + k**3 - 2*k. What is o(-1)?
-20
Suppose 7*m - 7 = 0, -17*i + m + 59 = -21*i. Let t(z) = 3*z + 45. Determine t(i).
0
Let p = 86 + -82. Suppose h = p*h - 21. Suppose -q - 8 = -h. Let t(s) = -8*s**3 + 2*s + 1. Give t(q).
7
Let g(l) be the third derivative of -l**7/2520 + l**6/720 - l**5/12 + l**4/12 + l**3/6 + 3*l**2 - 9*l. Let n(b) be the second derivative of g(b). Give n(0).
-10
Suppose -15 = 3*v - 0. Let o(z) = 6*z + 92. Let s(w) = -w - 26. Let g(y) = o(y) + 4*s(y). Calculate g(v).
-22
Let a(f) = f**3 - 12*f**2 + 24*f - 40. Let u = 304 - 294. Let z be a(u). Let h(r) = -r**3 + r**2 - r - 5. Give h(z).
-5
Suppose 7*l = 6*l + 4, o - 4*l + 15 = 0. Suppose -9 = 2*g + 3*j, o = -g - 2*j - 5. Let r(n) = -3*n + 6. Determine r(g).
6
Suppose 5*t - 16 = -q + 12, -2*q = t - 20. Let n(v) = v**2 - 7*v - 7. Let z be n(q). Let d(i) = 28*i. Give d(z).
28
Let g be -9 + (-1107)/27 - -50. Let p = -8 - -12. Let k(f) = 0*f + p - 2*f + f. Give k(g).
4
Suppose -t - t = 8, 0 = -2*d - 4*t - 18. Let a = 2 + d. Let o(w) = -3*w**2 + 5*w + 1. Let u(b) = b**2 - b. Let i(c) = o(c) + 6*u(c). Determine i(a).
3
Let k(c) = -19*c**3 - 7*c**2 - 35*c. Let m(p) = -17*p**3 - 6*p**2 - 31*p. Let n(a) = -8*k(a) + 9*m(a). Give n(-1).
2
Let l(n) be the second derivative of -n**7/840 - n**6/180 - n**5/60 + n**4 - 3*n**2/2 - 191*n. Let q(z) be the third derivative of l(z). Determine q(-3).
-17
Let c(k) = 11 - 2186*k**2 - 5*k**3 - 14 - 2*k + 2183*k**2. What is c(-2)?
29
Let i(t) = -7*t**3 - 30*t**2 + 9*t - 45. Let d(h) = -73*h**3 - 300*h**2 + 95*h - 451. Let a(y) = -2*d(y) + 21*i(y). What is a(-30)?
-13
Let b(o) = -125*o + 3. Let n(j) = 1544*j - 37. Let k(z) = -25*b(z) - 2*n(z). Let r(i) = -2*i + 1. Let p be r(1). Give k(p).
-38
Let x(n) be the first derivative of n**3 + n**2 + 6*n + 2537. Calculate x(-6).
102
Let v(l) = -3*l**2 + 702*l - 1403*l - 23 + 689*l + 2*l**2. Determine v(-16).
-87
Suppose 194*y - 200*y + 84 = 0. Let j be -1*3/((-21)/y). Let x(z) = z**3 - z**2 - z - 1. Calculate x(j).
1
Let l(v) be the first derivative of v**4/4 + 2*v**3 - 5*v**2/2 - 19*v + 1459. What is l(-6)?
11
Let h be (2*9/30)/(((-3)/(-5))/3). Let u(c) = -15*c + 48. What is u(h)?
3
Let k(b) = 2*b**3 - 13*b**2 + 17*b + 80. Let w(c) = 3*c**3 - 15*c**2 + 17*c + 81. Let d(m) = -4*k(m) + 3*w(m). Calculate d(-8).
-5
Let y(h) = 14*h - 55. Let a be y(16). Suppose 164*b = a*b - 60. Suppose -b*o + 20 = -8*o. Let z(p) = -2*p + 5. Calculate z(o).
-5
Let r(z) be the second derivative of z**4/12 - z**3/6 - 19*z**2 + 457*z. Give r(6).
-8
Let h(y) = -y**3 + y**2 - y. Let c = -174 - -175. Let f(j) = -6*j**3 + 5*j**2 - 5*j - 1. Let k(o) = c*f(o) - 5*h(o). Calculate k(-1).
0
Let d(h) = -3 + 46*h - 1 - 45*h. Let l be d(-3). Let s(z) = z**3 + 7*z**2 - 2*z - 6. Determine s(l).
8
Let d be ((12/(-2))/((-1)/(-2)))/((-39)/(-52)). Let h(u) = 3*u + 49. Calculate h(d).
1
Let j = 235 + -233. Suppose 4*n = -8, -j*i - 3*n - 7 + 5 = 0. Let t(m) = -3*m**2 - 1 - m + 3*m**2 + 3*m**2. Calculate t(i).
9
Let a(z) = -2*z**2 - 9*z - 11. Let y(w) = -2*w**2 - 349*w + 1059. Let m be y(3). What is a(m)?
-29
Let g = 85895 + -85897. Let o(d) = 2*d + d - 1 + 5*d**2 - 4*d. Give o(g).
21
Let d(r) = -3*r - 5. Let u(t) = -t**2 + 7*t + 10. Let g be u(8). Suppose 2 = -2*b - 2*m, g*b + 3*m - 4*m = -17. What is d(b)?
13
Let p(d) = -d**3 - 5*d**2 + 34*d + 67. Let y be p(-8). Let t(v) = v**3 + 15*v**2 + 29*v + 30. Give t(y).
-9
Let f(j) = -j - 12. Suppose 321 + 204 = -3*x. Let p = 162 + x. Calculate f(p).
1
Let d = 25 + -22. Suppose d*n + g = -202, 0 = -4*n - 0*n - 2*g - 270. Let t = n + 60. Let f(x) = x**3 + 8*x**2 + 7*x + 1. Determine f(t).
1
Let r(b) = -b**3 + b + 1. Let g = 339 + -302. Suppose -g = -8*c - 53. Give r(c).
7
Let y(w) be the third derivative of 11*w**4/24 + w**3/6 + w**2. Let d = 142300 - 142299. Give y(d).
12
Let x(a) = -1 + 24*a - 25*a**2 + 5 - 140*a**3 - 129*a**3 + 270*a**3. Determine x(24).
4
Let r(y) be the second derivative of 4/3*y**3 + 0 + 63*y + 2/3*y**4 + 1/20*y**5 + 3/2*y**2. Determine r(-7).
-4
Let g(s) = s**2 - 4*s. Let y(n) = -2*n - 35. Let i be y(0). Let h be (7/i)/(1 + 16/(-15)). Give g(h).
-3
Let q(v) = 11*v + 154. Suppose -49*w = -36*w + 182. Calculate q(w).
0
Let u(c) = -30*c - 154. Let k(y) = 11*y + 53. Let b(x) = 17*k(x) + 6*u(x). Give b(10).
47
Let w be (4 - 6) + 306/6. Let v(x) = 21 + 4*x**2 - w + 24 - x**3. Calculate v(3).
5
Let g(k) = 3*k**2 - 2 + 28*k - 11*k - 8*k - 5*k**2 - 11*k. Suppose 4*t = -4*i, 3*t - 2 = -i + 2. What is g(i)?
-6
Let h(d) be the third derivative of d**4/24 - d**3 + d**2. Let f be 38*((-29)/14)/29 + (-2)/7. Calculate h(f).
-9
Let h(v) = -v + 24. Let m be h(13). Suppose -m*f = -10*f. Let w(b) = -b**2 - b - 2. Calculate w(f).
-2
Let j(l) = l**3 + 5*l**2 - 4*l - 2. Let c(z) = z**2 + 18*z + 10. Let x be c(-18). Suppose 0 = x*q + 2 + 48. What is j(q)?
18
Let z be (-63780)/44646*(-4)/(0 - 10/(-14)). Let s(q) = 3*q**2 + 11*q - 8. Let o(y) = -2*y**2 - 11*y + 9. Let w(f) = 4*o(f) + 3*s(f). Give w(z).
-12
Let t(p) = -2*p**3 - 15*p**2 + 11*p + 88. Let q(c) = 3*c**3 + 22*c**2 - 17*c - 124. Let h(j) = 5*q(j) + 7*t(j). Let m be (1 - -1)/((-1)/3). Calculate h(m).
8
Suppose -2*d = v - 7*d - 26, v = -3*d - 6. Let f(m) = -m + 11 - 41 + 11 + 3*m + 18. Calculate f(v).
11
Let q(g) = -3*g**2 + 10*g**2 + 9*g + g**2 + 4 + 27*g**3 + 23*g**3 - 51*g**3. Let v = -49 - -58. Determine q(v).
4
Let y(u) be the first derivative of -21 - 3*u**2 + 2/3*u**3 - 3*u. Give y(5).
17
Let z(j) = 17*j**2 + 4*j + 147. Let o(w) = -6*w**2 - w - 49. Let x(l) = 8*o(l) + 3*z(l). Let t(h) be the first derivati